{"id":117,"date":"2008-04-18T22:33:23","date_gmt":"2008-04-18T21:33:23","guid":{"rendered":"http:\/\/www.mc-demmin.de\/blog\/?page_id=117"},"modified":"2015-03-19T21:34:55","modified_gmt":"2015-03-19T20:34:55","slug":"wir-uber-uns","status":"publish","type":"page","link":"https:\/\/www.mc-demmin.de\/wp\/?page_id=117","title":{"rendered":"Wir \u00fcber uns"},"content":{"rendered":"<p><strong><span style=\"font-family: Arial,Helvetica,Geneva,Sans-serif,sans-serif;\">Willkommen auf der Homepage des MC Demmin e.V. im<\/span><span style=\"font-family: Arial,Helvetica,Geneva,sans-serif,sans-serif;\"> ADAC<\/span><\/strong><\/p>\n<p><span style=\"font-family: Arial,Helvetica,Geneva,Sans-serif,sans-serif;\">Die Crossbahn in der \u201cVorwerker Schweiz\u201d hatte in der fr\u00fchen DDR einen \u00fcber die Landesgrenzen weit hinaus ragenden guten Ruf. Internationale Rennen wurden hier ausgetragen. Nachdem dann aber durch die Regierung Fahrern aus \u201ckapitalistischen L\u00e4ndern\u201d untersagt wurde, in der DDR zu starten, wurden auch die Rennen immer kleiner. Es fehlte an Nachwuchs und Material und der Club schlief langsam ein und l\u00f6ste sic<img loading=\"lazy\" decoding=\"async\" id=\"Bild8\" style=\"margin: 0px; float: right;\" alt=\"\" src=\"http:\/\/www.mc-demmin.de\/blog\/wp-content\/uploads\/2008\/04\/ind05.jpg\" width=\"199\" height=\"230\" \/>h dann auf.<\/span><\/p>\n<p><span style=\"font-family: Arial,Helvetica,Geneva,Sans-serif,sans-serif;\">Auf dem Gel\u00e4nde wurden teilweise Geb\u00e4ude gebaut. Der Rest verwilderte und wurde gelegentlich von der GST zu Trainingsfahrten genutzt.<\/span><\/p>\n<p><span style=\"font-family: Arial,Helvetica,Geneva,Sans-serif,sans-serif;\">Nach der Wende erhielten die jungen Sportfreunde Stefan Wilke und Kai-Uwe Jahns auf hartn\u00e4ckiges Dr\u00e4ngen, wieder eine Nutzungsgenehmigung vom B\u00fcrgermeister, das Gel\u00e4nde f\u00fcr Trainings- und \u00dcbungszwecke zu nutzen. Unter der F\u00fchrung von Egon Jahn\u00a0wurde dann einige Jahre sp\u00e4ter der MC Demmin e.V. gegr\u00fcndet.<\/span><\/p>\n<p><span style=\"font-family: Arial,Helvetica,Geneva,Sans-serif,sans-serif;\">Der\u00a0Club\u00a0arbeitete von Anfang an hart daran, in Demmin wieder ein Crossrennen auf die Beine zu stellen und konnte schlie\u00dflich im Jahre 1999 das erste Mal die Motorsportler im Lande zu einem Rennen einladen, welches von nun an j\u00e4hrlich wiederholt werden sollte.<\/span><\/p>\n<p><span style=\"font-family: Arial,Helvetica,Geneva,Sans-serif,sans-serif;\">2003 kam dann noch das Mopedrennen dazu. Welches den Kindern und Jugendlichen aus der Umgebung einfach mal die M\u00f6glichkeit geben sollte, legal Rennen zu fahren und ihre Geschicklichkeit zu testen. Dies fand gro\u00dfen Zuspruch und wurde von nun an auch j\u00e4hrlich wiederholt. 2013 verlor der Club ein Gro\u00dfteil der Fl\u00e4che, die beim Rennen als Parkplatz und Fahrerlager genutzt wurde, an einen Solaranlagenbetreiber. Dadurch blieb als einzige Parkm\u00f6glichkeit f\u00fcr die Zuschauer die Wiese, die auch immer f\u00fcr das Mopedrennen genutzt wurde. Schweren Herzens beschloss der Verein das schon legend\u00e4r gewordene Demminer Mopedrennen einzustellen. <\/span><\/p>\n<p><span style=\"font-family: Arial,Helvetica,Geneva,Sans-serif,sans-serif;\">Der Club machte N\u00e4gel mit K\u00f6pfen und pachtete die \u00fcbrige Fl\u00e4che auf eigene Rechnung und baute dort ein festes Fahrerlager auf und verschrieb sich von nun an wieder ganz dem Motocross-Sport und der Nachwuchsf\u00f6rderung.<br \/>\n<\/span><\/p>\n<p>&nbsp;<\/p>\n<p><span style=\"font-family: Arial,Helvetica,Geneva,Sans-serif,sans-serif;\">\u00a0<\/span><\/p>\n<p><img loading=\"lazy\" decoding=\"async\" id=\"Bild10\" style=\"margin: 0px; vertical-align: top;\" alt=\"\" src=\"http:\/\/www.mc-demmin.de\/blog\/wp-content\/uploads\/2008\/04\/a_ind02.jpg\" width=\"210\" height=\"142\" \/> <img loading=\"lazy\" decoding=\"async\" id=\"Bild11\" style=\"margin: 0px; vertical-align: top;\" alt=\"\" src=\"http:\/\/www.mc-demmin.de\/blog\/wp-content\/uploads\/2008\/04\/a_ind06.jpg\" width=\"207\" height=\"142\" \/> <img loading=\"lazy\" decoding=\"async\" id=\"Bild12\" style=\"margin: 0px; vertical-align: top;\" alt=\"\" src=\"http:\/\/www.mc-demmin.de\/blog\/wp-content\/uploads\/2008\/04\/a_ind04.jpg\" width=\"225\" height=\"141\" \/><\/p>\n<p>..<\/p>\n","protected":false},"excerpt":{"rendered":"<p>Willkommen auf der Homepage des MC Demmin e.V. im ADAC Die Crossbahn in der \u201cVorwerker Schweiz\u201d hatte in der fr\u00fchen DDR einen \u00fcber die Landesgrenzen weit hinaus ragenden guten Ruf. Internationale Rennen wurden hier ausgetragen. Nachdem dann aber durch die Regierung Fahrern aus \u201ckapitalistischen L\u00e4ndern\u201d untersagt wurde, in der DDR zu starten, wurden auch die [&hellip;]<\/p>\n","protected":false},"author":4,"featured_media":0,"parent":0,"menu_order":1,"comment_status":"closed","ping_status":"open","template":"","meta":{"footnotes":""},"class_list":["post-117","page","type-page","status-publish","hentry"],"_links":{"self":[{"href":"https:\/\/www.mc-demmin.de\/wp\/index.php?rest_route=\/wp\/v2\/pages\/117","targetHints":{"allow":["GET"]}}],"collection":[{"href":"https:\/\/www.mc-demmin.de\/wp\/index.php?rest_route=\/wp\/v2\/pages"}],"about":[{"href":"https:\/\/www.mc-demmin.de\/wp\/index.php?rest_route=\/wp\/v2\/types\/page"}],"author":[{"embeddable":true,"href":"https:\/\/www.mc-demmin.de\/wp\/index.php?rest_route=\/wp\/v2\/users\/4"}],"replies":[{"embeddable":true,"href":"https:\/\/www.mc-demmin.de\/wp\/index.php?rest_route=%2Fwp%2Fv2%2Fcomments&post=117"}],"version-history":[{"count":7,"href":"https:\/\/www.mc-demmin.de\/wp\/index.php?rest_route=\/wp\/v2\/pages\/117\/revisions"}],"predecessor-version":[{"id":938,"href":"https:\/\/www.mc-demmin.de\/wp\/index.php?rest_route=\/wp\/v2\/pages\/117\/revisions\/938"}],"wp:attachment":[{"href":"https:\/\/www.mc-demmin.de\/wp\/index.php?rest_route=%2Fwp%2Fv2%2Fmedia&parent=117"}],"curies":[{"name":"wp","href":"https:\/\/api.w.org\/{rel}","templated":true}]}}

Wir über uns

<p><strong><span style="font-family: Arial,Helvetica,Geneva,Sans-serif,sans-serif;">Willkommen auf der Homepage des MC Demmin e.V. im</span><span style="font-family: Arial,Helvetica,Geneva,sans-serif,sans-serif;"> ADAC</span></strong></p>
<p><span style="font-family: Arial,Helvetica,Geneva,Sans-serif,sans-serif;">Die Crossbahn in der “Vorwerker Schweiz” hatte in der frühen DDR einen über die Landesgrenzen weit hinaus ragenden guten Ruf. Internationale Rennen wurden hier ausgetragen. Nachdem dann aber durch die Regierung Fahrern aus “kapitalistischen Ländern” untersagt wurde, in der DDR zu starten, wurden auch die Rennen immer kleiner. Es fehlte an Nachwuchs und Material und der Club schlief langsam ein und löste sic<img loading="lazy" decoding="async" id="Bild8" style="margin: 0px; float: right;" alt="" src="http://www.mc-demmin.de/blog/wp-content/uploads/2008/04/ind05.jpg" width="199" height="230" />h dann auf.</span></p>
<p><span style="font-family: Arial,Helvetica,Geneva,Sans-serif,sans-serif;">Auf dem Gelände wurden teilweise Gebäude gebaut. Der Rest verwilderte und wurde gelegentlich von der GST zu Trainingsfahrten genutzt.</span></p>
<p><span style="font-family: Arial,Helvetica,Geneva,Sans-serif,sans-serif;">Nach der Wende erhielten die jungen Sportfreunde Stefan Wilke und Kai-Uwe Jahns auf hartnäckiges Drängen, wieder eine Nutzungsgenehmigung vom Bürgermeister, das Gelände für Trainings- und Übungszwecke zu nutzen. Unter der Führung von Egon Jahn wurde dann einige Jahre später der MC Demmin e.V. gegründet.</span></p>
<p><span style="font-family: Arial,Helvetica,Geneva,Sans-serif,sans-serif;">Der Club arbeitete von Anfang an hart daran, in Demmin wieder ein Crossrennen auf die Beine zu stellen und konnte schließlich im Jahre 1999 das erste Mal die Motorsportler im Lande zu einem Rennen einladen, welches von nun an jährlich wiederholt werden sollte.</span></p>
<p><span style="font-family: Arial,Helvetica,Geneva,Sans-serif,sans-serif;">2003 kam dann noch das Mopedrennen dazu. Welches den Kindern und Jugendlichen aus der Umgebung einfach mal die Möglichkeit geben sollte, legal Rennen zu fahren und ihre Geschicklichkeit zu testen. Dies fand großen Zuspruch und wurde von nun an auch jährlich wiederholt. 2013 verlor der Club ein Großteil der Fläche, die beim Rennen als Parkplatz und Fahrerlager genutzt wurde, an einen Solaranlagenbetreiber. Dadurch blieb als einzige Parkmöglichkeit für die Zuschauer die Wiese, die auch immer für das Mopedrennen genutzt wurde. Schweren Herzens beschloss der Verein das schon legendär gewordene Demminer Mopedrennen einzustellen. </span></p>
<p><span style="font-family: Arial,Helvetica,Geneva,Sans-serif,sans-serif;">Der Club machte Nägel mit Köpfen und pachtete die übrige Fläche auf eigene Rechnung und baute dort ein festes Fahrerlager auf und verschrieb sich von nun an wieder ganz dem Motocross-Sport und der Nachwuchsförderung.<br />
</span></p>
<p>&nbsp;</p>
<p><span style="font-family: Arial,Helvetica,Geneva,Sans-serif,sans-serif;"> </span></p>
<p><img loading="lazy" decoding="async" id="Bild10" style="margin: 0px; vertical-align: top;" alt="" src="http://www.mc-demmin.de/blog/wp-content/uploads/2008/04/a_ind02.jpg" width="210" height="142" /> <img loading="lazy" decoding="async" id="Bild11" style="margin: 0px; vertical-align: top;" alt="" src="http://www.mc-demmin.de/blog/wp-content/uploads/2008/04/a_ind06.jpg" width="207" height="142" /> <img loading="lazy" decoding="async" id="Bild12" style="margin: 0px; vertical-align: top;" alt="" src="http://www.mc-demmin.de/blog/wp-content/uploads/2008/04/a_ind04.jpg" width="225" height="141" /></p>
<p>..</p>

<p>Willkommen auf der Homepage des MC Demmin e.V. im ADAC Die Crossbahn in der “Vorwerker Schweiz” hatte in der frühen DDR einen über die Landesgrenzen weit hinaus ragenden guten Ruf. Internationale Rennen wurden hier ausgetragen. Nachdem dann aber durch die Regierung Fahrern aus “kapitalistischen Ländern” untersagt wurde, in der DDR zu starten, wurden auch die [&hellip;]</p>
